11
In base 15, what is -d4b + -12?
-d5d
In base 2, what is -10100101010100100 + -100000?
-10100101011000100
In base 15, what is 0 - -cb9d0?
cb9d0
In base 14, what is -4 - 784?
-788
In base 15, what is 49636 - c?
49629
In base 4, what is -1330 + 1131213?
1123223
In base 7, what is 253 - 14634?
-14351
In base 9, what is 288 - -305?
604
In base 6, what is 12 - -12245?
12301
In base 7, what is 2516 - -35?
2554
In base 8, what is -32305 + -317?
-32624
In base 3, what is 10 - 12111011201?
-12111011121
In base 15, what is -177 + 1c?
-15a
In base 4, what is -10023022231 - -3?
-10023022222
In base 9, what is -2 - -216517?
216515
In base 5, what is 11443204 + 1?
11443210
In base 8, what is -31 - -123314?
123263
In base 16, what is 1a - 12e8?
-12ce
In base 5, what is -240213 + -20?
-240233
In base 16, what is 0 - -7b?
7b
In base 3, what is 2 + -10200001120?
-10200001111
In base 6, what is -5 - -5442145?
5442140
In base 10, what is 47 + 35095?
35142
In base 6, what is -3 + -423030?
-423033
In base 12, what is 4130 - 12?
411a
In base 12, what is 367401 + -1?
367400
In base 2, what is -101001011 + -1011001100110?
-1011110110001
In base 13, what is 4 + 62c?
633
In base 16, what is 1 + -15d4e?
-15d4d
In base 2, what is -110011001000011111 - 1?
-110011001000100000
In base 4, what is 213232 - 12?
213220
In base 11, what is 489731 + -3?
489729
In base 13, what is -1570 + -9?
-1579
In base 5, what is -1234333 - 203?
-1240041
In base 15, what is -89c - 9?
-8a6
In base 8, what is 570 - 404?
164
In base 7, what is 123162 - 4?
123155
In base 14, what is -a4 - -1c8c?
1bc8
In base 2, what is 11 + 110001011110001110?
110001011110010001
In base 14, what is -1 + -93b7?
-93b8
In base 9, what is 5 + 3818?
3824
In base 12, what is 1387 + -6?
1381
In base 4, what is -11 - -10020303?
10020232
In base 5, what is -4 + -1002323?
-1002332
In base 3, what is -211002121122 + 0?
-211002121122
In base 5, what is 301140 + -13?
301122
In base 3, what is 11 - -100212212?
100220000
In base 15, what is -3c0 - 2e?
-3ee
In base 7, what is 2 + -1050434?
-1050432
In base 11, what is 77a6 - -194?
798a
In base 12, what is 609 + -12?
5b7
In base 14, what is -1 + -1dc75?
-1dc76
In base 13, what is 8 + -bba6?
-bb9b
In base 4, what is -101331 - -1130?
-100201
In base 13, what is 882 - 937?
-85
In base 3, what is 21210200012 - 11?
21210200001
In base 5, what is 142 + 3140?
3332
In base 3, what is 1 - -101001000?
101001001
In base 13, what is 26aa1 - -1?
26aa2
In base 16, what is bf1 - 15?
bdc
In base 11, what is 5 + -11219?
-11214
In base 5, what is 32243 - -334?
33132
In base 5, what is 234113 + 2?
234120
In base 4, what is 203313311 - 11?
203313300
In base 6, what is 21 + -5252?
-5231
In base 2, what is -1011111000110 - -10000?
-1011110110110
In base 9, what is 0 + 71530?
71530
In base 4, what is 11 + 132331232?
132331303
In base 13, what is -136b + -1?
-136c
In base 3, what is 1010 + -101220010?
-101212000
In base 13, what is 2 - -39095?
39097
In base 7, what is 6541 + -4?
6534
In base 12, what is 114 + 9060?
9174
In base 16, what is -123a1 - -1?
-123a0
In base 6, what is 312540 + -10?
312530
In base 12, what is 0 - a06a?
-a06a
In base 12, what is 2782 - 18?
2766
In base 3, what is 1201101002 - 100?
1201100202
In base 5, what is -4 - -1011420?
1011411
In base 10, what is 317 - 109?
208
In base 15, what is 1 + 8c75?
8c76
In base 13, what is 1033 - -9?
103c
In base 9, what is 3 - 1554?
-1551
In base 13, what is 1 + 10110?
10111
In base 5, what is 301041 - 0?
301041
In base 4, what is -10202 + -32013?
-102221
In base 14, what is -1b - b99?
-bb6
In base 15, what is 45d29 + -5?
45d24
In base 6, what is 1003143 + -440?
1002303
In base 15, what is 410c + -7e?
407d
In base 2, what is 1111111001101111 - -1?
1111111001110000
In base 9, what is 4 - -445630?
445634
In base 6, what is 14 - -132515?
132533
In base 5, what is 230 + 422342?
423122
In base 12, what is 2 - -aa105?
aa107
In base 16, what is 1e - 2eb89?
-2eb6b
In base 10, what is 854 - 211?
643
In base 3, what is 1101022220 + -22?
1101022121
In base 7, what is 463625 - 0?
463625
In base 10, what is 1165 + -158?
1007
In base 2, what is 111111000011111001010 - -1?
111111000011111001011
In base 2, what is 1000100110 + -10011?
1000010011
In base 13, what is 5 + -44680?
-44678
In base 13, what is -10b0 - 26?
-1106
In base 7, what is -122 - 251555?
-252010
In base 15, what is -d - -888a?
887c
In base 4, what is 11 + -111331020?
-111331003
In base 14, what is 1741dc + 4?
174202
In base 11, what is -780a - 3?
-7812
In base 6, what is 103422 + -2?
103420
In base 13, what is -46641 - 2?
-46643
In base 2, what is 1101110101 - -100110000?
10010100101
In base 16, what is 0 - -1f2d?
1f2d
In base 11, what is 72a44 - 2?
72a42
In base 16, what is -5c + -17062?
-170be
In base 13, what is 15c + 540?
69c
In base 13, what is 107 + -3bc?
-2b5
In base 14, what is 1db - -185?
382
In base 12, what is 0 - 1a824?
-1a824
In base 15, what is 192c1 - -2?
192c3
In base 9, what is -226667 + -5?
-226673
In base 14, what is 1436 - ac?
1368
In base 16, what is 215 + 5f?
274
In base 7, what is 2046134 + -3?
2046131
In base 11, what is -6686 + -9?
-6694
In base 16, what is -2e - -75d?
72f
In base 6, what is 1410245 + -4?
1410241
In base 10, what is 4 + -1547788?
-1547784
In base 4, what is -201 - -103331?
103130
In base 12, what is 3b27 + -8?
3b1b
In base 10, what is -157976 + 5?
-157971
In base 11, what is -3 + 3882?
387a
In base 2, what is -10101110100010 + 0?
-10101110100010
In base 11, what is -13955 - 3?
-13958
In base 8, what is -431 - -647?
216
In base 4, what is 3100 + -122123?
-113023
In base 13, what is -3 - 600?
-603
In base 16, what is -20499 + 6?
-20493
In base 11, what is 1803 + 314?
2017
In base 2, what is -1010111100010010111 - -1000?
-1010111100010001111
In base 13, what is -4 - 24341?
-24345
In base 16, what is -76aff - 5?
-76b04
In base 14, what is 2 - 1545?
-1543
In base 5, what is -103 - -13220?
13112
In base 10, what is 18784 + 13?
18797
In base 4, what is 32113 - 2000?
30113
In base 14, what is -16a92 - 5?
-16a97
In base 5, what is 12030 + 1124?
13204
In base 13, what is 5 - -13419?
13421
In base 2, what is -10 + -11011000001100?
-11011000001110
In base 16, what is 23da35 - 3?
23da32
In base 2, what is -1101010111 + 1000100010000?
110110111001
In base 10, what is -2 + -462?
-464
In base 14, what is -3c3c5 - -2?
-3c3c3
In base 14, what is 5 - 5d714?
-5d70d
In base 6, what is -242 - 211504?
-212150
In base 2, what is -10011111 - -1011000111?
1000101000
In base 13, what is 449 - -3a?
486
In base 7, what is -16244 + 16?
-16225
In base 10, what is 85 - 703?
-618
In base 3, what is 22011100 - 11?
22011012
In base 11, what is 2 - 20411?
-2040a
In base 8, what is 31131 - 2?
31127
In base 2, what is -1110100110001111010 + 101?
-1110100110001110101
In base 9, what is -387 - 1355?
-1753
In base 14, what is 483db + -3?
483d8
In base 2, what is 1101110100 - 1001000100?
100110000
In base 3, what is -11011 - 2100222?
-2112010
In base 16, what is -21e + -1f?
-23d
In base 15, what is -8c0 + -e?
-8ce
In base 6, what is 534134 + 10?
534144
In base 9, what is -22 + -57840?
-57862
In base 16, what is 28403 - -5?
28408
In base 9, what is -157370 - 0?
-157370
In base 9, what is -2528 - -33?
-2485
In base 9, what is 3 - -28722?
28725
In base 9, what is 650 + 28?
678
In base 15, what is 26604 + -2?
26602
In base 3, what is -2020011 + 112?
-2012122
In base 12, what is -743a8 + -1?
-743a9
In base 4, what is -11 - -31112220?
31112203
In base 11, what is -307 - 835?
-1041
In base 2, what is 100 + -1010010110000001010?
-1010010110000000110
In base 7, what is 41161 + -64?
41064
In base 14, what is 5a31 - -6?
5a37
In base 7, what is 102305 + 60?
102365
In base 8, what is -34 - -274?
240
In base 4, what is 202021 - 210?
201211
In base 10, what is 1 - -36697?
36698
In base 14, what is 3da7 + -d?
3d98
In base 5, what is 41401 + 4?
41410
In base 5, what is -10 + 34320142?
34320132
In base 14, what is 11d - -b?
12a
In base 14, what is -4023c - -4?
-40238
In base 16, what is edd0 + 4?
edd4
In base 14, what is 2 - 3677?
-3675
In base 3, what is -11220212100 + -12?
-11220212112
In base 10, what is -19 - 204598?
-204617
In base 15, what is 128 + 97?
1c0
In base 2, what is -100111110 + 1111101?
-1100